- 7*z(f). Determine n(-7).
-7
Let d(l) = -6*l**3 + l**2 + l + 1. Suppose -c = 0, -3*f = 3*c - 1 + 4. Give d(f).
7
Let b(x) = x. Let t = 4 + -4. Suppose t = -g + 4*g. Give b(g).
0
Let g = 1/15 + 4/15. Let u(m) be the second derivative of -2*m + 3/2*m**2 + 1/3*m**4 - g*m**3 + 1/20*m**5 + 0. Calculate u(-4).
11
Let q(f) = 4*f**2 - 4*f. Let s(j) = -j**2 + j. Let p(m) = q(m) + 3*s(m). Let b = 1 + -1. Calculate p(b).
0
Suppose 0 = -2*f + 5*d + 26, 19 - 45 = -2*f - 5*d. Suppose 2*r = 3*w + 8, 0 = -3*w - 5*r + 7 + f. Let c(t) = -t + 4. Calculate c(w).
4
Suppose -15*d + 14 = -22*d. Let s(m) = -7*m. Give s(d).
14
Let p = 107 - 104. Let c(l) = 8*l + 1. What is c(p)?
25
Let n = -17 - -21. Let s(w) = -2*w - 3. Give s(n).
-11
Let k(t) = -6*t**3 - 2*t**2 + 1. Suppose -2 = -q - 5. Let w be 2/q - 30/(-18). Calculate k(w).
-7
Let s(o) = o**3 - 2. Suppose -5*g + 0 = -20. Let b be (g/(-12))/((-2)/12). Give s(b).
6
Let x(k) = -k - 9. Let f be x(-6). Let r be ((-3)/2)/(f/(-4)). Let h(l) = 2*l + 2. Determine h(r).
-2
Let k = -37 + 37. Let v(t) = t**3 + t**2 + t - 1. What is v(k)?
-1
Let a = 16 + -11. Let m(x) = x**2 - 5*x - 5. Calculate m(a).
-5
Suppose -3*c = -g - 4*g - 20, 0 = -g - 1. Let x(i) = i**2 - 5*i - 4. Let s be x(c). Let m(b) = b**2 + 2*b. Determine m(s).
8
Let d(x) = 3*x + 9. Let w(p) = -6*p**2 + 1. Let b be w(-1). Let o(q) = 2*q + 8. Let s(v) = b*o(v) + 4*d(v). What is s(3)?
2
Let c(r) = 5*r**2 + 6*r - 4*r**2 - 2 - 2*r**2. Suppose l + 0 = -2. Let i = l + 5. What is c(i)?
7
Let v(n) be the second derivative of -n**3/6 + 51*n. Calculate v(1).
-1
Let a(r) = r - 2. Let f be a(4). Suppose f*h - x = -1 - 2, 3*h - 3*x = -9. Let l(m) = -m - 7. Calculate l(h).
-7
Let a(t) = -t**3 + 2*t**2 - 3*t + 1. Suppose 0 = z - 2*z + 2. Calculate a(z).
-5
Let b(k) = -4*k**2 + k - 1. Let u(p) = -p**2 - 3*p + 1. Suppose -12 = j + 3*j. Let m be u(j). Let y be -2*(6/(-4) + m). Determine b(y).
-4
Let a(c) = 3*c - 6. Suppose 0 = 3*g - 1 - 11. Calculate a(g).
6
Let b(m) = -4*m**2 + 6*m + 1. Let r(t) = t**2 - t - 1. Let i(a) = b(a) + 3*r(a). Let s be i(3). Let u(p) = 3 + p**2 + 3*p + 2 - 2. Give u(s).
1
Let x(g) = 3*g + 4. Let o(i) = -i - 1. Let d(q) = 8*o(q) + 3*x(q). Determine d(-5).
-1
Let l be ((-18)/5)/(8/(-20)). Let d be 15/l + 2/6. Let u(x) be the first derivative of x**4/4 - x**3/3 - x**2 + 3*x + 1. Give u(d).
3
Let x(f) = -f**2 - 5*f + 8. Let l = -12 - -6. Calculate x(l).
2
Let d(z) = 14*z - 4*z**2 - z - 9*z - 4 - z**3. Calculate d(-4).
-20
Let o(c) = 4*c**2 + 5*c - 7. Let s be -10*((-1)/2 + 1). Let w(t) = -5*t**2 - 6*t + 8. Let i(n) = s*w(n) - 6*o(n). Determine i(2).
6
Let i(z) = -28*z + 79*z - 23*z - 29*z. Give i(3).
-3
Let f(w) = 5*w**3 + 2*w - 1. Suppose -7*t = -8*t + 1. What is f(t)?
6
Let x(n) = -3 + 157*n**2 - 156*n**2 + 1 + n. Let u = 6 + -4. Suppose -4*s - 5*k = 26, 0 = -u*s - 4*k + 1 - 17. What is x(s)?
10
Let c(v) = v - 2. Let h be c(3). Let d be 1/(-2)*-2 + h. Let r(g) be the first derivative of -g**3/3 + 14. Give r(d).
-4
Let b(r) = r**3 - r**2. Suppose 0 = -0*f + 5*f. Determine b(f).
0
Suppose 0 = -2*a - 2*a + 12. Let w(z) = -a*z**2 - 5 + 5 + 2*z + z**3. Let r(y) = -y**3 + 4*y**2 - 3*y + 1. Let x be r(2). Calculate w(x).
6
Let m(o) be the first derivative of o**6/360 - o**5/24 - o**4/24 + 2*o**3/3 - 6. Let c(d) be the third derivative of m(d). What is c(5)?
-1
Let l(h) = h**3 + 2*h**2 - h - 1. Let u(m) = m - 2. Let s be u(7). Suppose 2 - 33 = -s*a + 2*y, a + 10 = -5*y. Let w = -8 + a. Determine l(w).
-7
Suppose 3*p - 5*p + 12 = 0. Let y(i) = 2*i - 5. Determine y(p).
7
Let r be (-42)/9 - (-2)/3. Let k be 6/r*4/(-3). Let u(a) = -2*a**2 - 4*a**2 + 5*a**2 - k*a. What is u(-2)?
0
Let f(h) be the third derivative of h**6/120 + h**5/12 + h**4/6 - 2*h**3/3 + 8*h**2. Let s = -2 + -2. Give f(s).
-4
Let l(c) = 16*c - 15*c + 7 + 3. Calculate l(-7).
3
Let j(p) = -30*p**2 - 11*p - 3. Let g(k) = -10*k**2 - 4*k - 1. Let x(o) = -8*g(o) + 3*j(o). Suppose 5*i - 5 = 0, -5*m + 1 = 3*i + 3. Give x(m).
-10
Suppose -8*l + 91 = 5*l. Let b(z) = z**2 - 10*z + 2. Calculate b(l).
-19
Let s(b) = -1. Let y(f) = 9*f + 10*f - 14*f. Let i(g) = -3*s(g) + y(g). What is i(-2)?
-7
Suppose -5*i = -0*i + 15. Let a be 7/i + 2/6. Let t(j) = 0 + 2*j + 4*j**2 - 2*j**2 + j**3 - 1. What is t(a)?
-5
Suppose 5*p = -2*r + 31, -5*r = 3*p - 6*p - 31. Let s(c) = -r*c - 3 - c**2 - 2 - 4. Let v be -7 - (-3 - (1 - 3)). Give s(v).
3
Let w(c) = -c - 5. Let k(o) = 30*o - 16. Let d be k(-8). Let s be 6/(-33) + d/44. Calculate w(s).
1
Let j(s) = 1. Let u(f) = f - 6. Let v(b) = 4*j(b) + u(b). Calculate v(5).
3
Let j(d) = -2*d + 7. Suppose g - 1 - 2 = 0. Let w(u) = 2*u - 7. Let v(x) = g*w(x) + 2*j(x). Calculate v(5).
3
Let r(v) be the first derivative of -4 + 3*v - v - v - 2*v**2 + 7. Let d = 0 - 1. Calculate r(d).
5
Let v be -1 + 1 + 1 + 9. Suppose -l + 5 = v. Let p(a) = -a - 8. Calculate p(l).
-3
Let a(j) = j - 3. Let i = 12 - 19. Let h = -3 - i. Calculate a(h).
1
Suppose -4*j - 5*h - 17 = 0, 3*j - 4*j - 4*h = 18. Let k(l) = l**3 - l**2 + 2*l - 1. What is k(j)?
7
Let o(t) = t**3 - 3*t**2 - t + 2. Let p be o(2). Let z = p + -1. Let d(w) = -1. Let g(j) = j - 6. Let r(b) = 5*d(b) - g(b). Give r(z).
6
Let n(d) = -30*d + 14*d + 20*d + 3. Calculate n(-4).
-13
Let z(s) = -s + 1. Let g = 9 - 11. What is z(g)?
3
Let b be (-2 - 1 - -5)/1. Suppose -6*n + 8 = -b*n. Let i(q) = 2*q - 1. Calculate i(n).
3
Let s(u) = 3*u + 2. Let v(b) = -b - 3. Let r(z) = 4*z + 14. Let x(n) = 6*r(n) + 28*v(n). Let m be x(1). Give s(m).
-10
Let k(w) = 5*w**3 - 6*w + 6. Let o(c) be the second derivative of 9*c**5/20 - c**4/12 - 11*c**3/6 + 6*c**2 - c. Let t(a) = -11*k(a) + 6*o(a). Give t(-6).
6
Let v be 10/(-4)*1*6/(-3). Let o(w) be the second derivative of -1/6*w**3 - 1/12*w**4 - 3*w**2 + 1/20*w**v - 4*w + 0. Determine o(0).
-6
Suppose 4*m = i + 15, -5*i + 50 = -0*i + 5*m. Let v = -1 + 4. Let p(w) = -v*w + w - 1 - 3*w + w**2. Calculate p(i).
-1
Let w be (2 - -4)*(-6)/9. Let x(f) = 16*f**2 + 14*f. Let t(o) = o**2 + o. Let q(b) = w*x(b) + 56*t(b). What is q(-1)?
-8
Let x(z) = 4*z**2 + z - 6. Let d(f) = -5*f**2 + 6. Let p(v) = -3*d(v) - 4*x(v). Let r(n) = -n**3 + 4*n**2 + 3*n + 5. Let s be r(5). What is p(s)?
1
Suppose 5*q + 4*y - 36 = 0, 0 - 36 = -4*q - 5*y. Let f(t) be the first derivative of -1/3*t**3 - 1 - q*t + 3/2*t**2. Calculate f(4).
-8
Let c(a) = a**2 + 11*a + 3. Suppose l = -b - 14, 5*b - 4*l + 3*l + 52 = 0. Let i be c(b). Let v(j) = -j + 1. Give v(i).
-2
Let x(o) = 8*o**3 + o**2 - 1. Let p = 1 + 3. Let s = 55 - 52. Suppose p*z - 3*z = -3*q + 7, -3 = s*z - 3*q. Give x(z).
8
Let s(i) = -7 - i + 8 - 2 - 2. Give s(-6).
3
Let l(i) = -i + 12. Let s = 123 + -123. What is l(s)?
12
Let y(p) be the first derivative of p**4/4 - p**3/3 + p**2/2 + 28. What is y(0)?
0
Let q(n) = 5*n**2 - n + n**3 - 2*n + 6 - 8 - 3*n. Calculate q(-6).
-2
Let a(c) = -c + 7. Suppose -34*p + 40*p - 36 = 0. What is a(p)?
1
Let o be 44/20 + 2/(-10). Let l(v) = -19*v**2 + 1 + 12*v**o + 0*v - v. What is l(1)?
-7
Suppose -4*a - 11 + 59 = 0. Let j(l) = -3*l + 6 + a - 17. Give j(1).
-2
Let i(j) = -j**3 - 2*j**2 - 3*j - 3. Let a(p) = 2*p - 15. Let t be a(10). Suppose 8 = q - t*q. Calculate i(q).
3
Let l(y) be the second derivative of -y**7/2520 + y**5/40 + y**4/4 + 4*y. Let u(s) be the third derivative of l(s). Calculate u(-3).
-6
Let s(p) = -p**2 + p + 1. Let q be ((-9)/3)/(-1) - -74. Let g = q - 50. Let k be ((-18)/g)/((-2)/6). Calculate s(k).
-1
Suppose -32 + 2 = 5*p. Let o(w) be the first derivative of w**3/3 + 2*w**2 - 2*w - 33. Calculate o(p).
10
Let g = -1 - 1. Let a = -22 + 25. Let z be g + 4 - a - -5. Let k(w) = -w**2 + w + 5. Calculate k(z).
-7
Let u(b) = b**3 + 5*b**2 - 6*b + 8. Let t(h) = h**3 - 4*h**2 - h + 6. Let x be t(3). Calculate u(x).
8
Suppose 16 = -g + 5*g. Suppose 0 = -5*w + 3*k + 42, -3*k = -2*k + g. Let r(s) = -s**3 + 5*s**2 + 4*s + 5. Give r(w).
-7
Let v(z) = -6*z + 1. Let u = 66 - 67. Determine v(u).
7
Let q(h) = -13*h. Let r(u) = u - u - 5*u + 2*u. Let n(s) = -2*q(s) + 9*r(s). Determine n(-1).
1
Let i(k) = 4*k - 1 - k + 4 + 0. Calculate i(4).
15
Let a(v) = v**2 + 5*v + 4. Let z be 0 + -2 + 2/(-1). What is a(z)?
0
Let g(u) = -u**2 - 13*u + 2. Let k(f) = -2*f**2 - 25*f + 3. Let v(t) = -11*g(t) + 6*k(t). Give v(-3).
8
Let z(h) = h**3 - 6*h**2 - 4. Let b be z